{"id":10975,"date":"2019-05-28T15:14:24","date_gmt":"2019-05-28T15:14:24","guid":{"rendered":"https:\/\/www.batgara.com\/nueva\/?page_id=10975"},"modified":"2026-03-18T13:05:44","modified_gmt":"2026-03-18T13:05:44","slug":"aviso-legal","status":"publish","type":"page","link":"https:\/\/www.batgara.com\/nueva\/aviso-legal\/","title":{"rendered":"Aviso Legal y Pol\u00edtica de Privacidad"},"content":{"rendered":"<section class=\"wpb-content-wrapper\"><p>[vc_row row_type=\u00bbparallax\u00bb parallax_background_image=\u00bb9008&#8243; css=\u00bb.vc_custom_1556634887535{padding-top: 50px !important;padding-bottom: 50px !important;}\u00bb anchor=\u00bbslide5&#8243;][vc_column][vc_empty_space height=\u00bb50px\u00bb][vc_row_inner row_content_width=\u00bbgrid\u00bb content_text_aligment=\u00bbleft\u00bb][vc_column_inner width=\u00bb1\/5&#8243;][\/vc_column_inner][vc_column_inner width=\u00bb3\/5&#8243;][vc_column_text]<\/p>\n<h3 style=\"text-align: left;\"><span style=\"color: #ffffff;\">AVISO LEGAL<\/span><\/h3>\n<p><span style=\"color: #ffffff;\">En cumplimiento de la Ley 34\/2002, de 11 de julio, de Servicios de la Sociedad de la Informaci\u00f3n y de Comercio Electr\u00f3nico (LSSI-CE), BODEGA BATGARA SL informa que es titular del sitio web. De acuerdo con la exigencia del art\u00edculo 10 de la citada Ley, BODEGA BATGARA SL informa de los siguientes datos:<\/span><\/p>\n<ul>\n<li><span style=\"color: #ffffff;\"><strong>Raz\u00f3n social:<\/strong> BODEGA BATGARA SL<\/span><\/li>\n<li><span style=\"color: #ffffff;\"><strong>NIF: <\/strong>B01499318<\/span><\/li>\n<li><span style=\"color: #ffffff;\"><strong>Dominio:<\/strong> www.batgara.com<\/span><\/li>\n<li><span style=\"color: #ffffff;\"><strong>Direcci\u00f3n postal: <\/strong>Barrio Urtaran n\u00ba21, 01450 Lezama-Amurrio (\u00c1lava)<\/span><\/li>\n<li><span style=\"color: #ffffff;\"><strong>Correo electr\u00f3nico:<\/strong> info@batgara.com<\/span><\/li>\n<li><span style=\"color: #ffffff;\"><strong>Tel\u00e9fono:<\/strong>&nbsp;606171999<\/span><\/li>\n<\/ul>\n<h5><span style=\"color: #ffffff;\">Usuario y r\u00e9gimen de responsabilidades<\/span><\/h5>\n<p><span style=\"color: #ffffff;\">La navegaci\u00f3n, acceso y uso por el sitio web de BODEGA BATGARA SL confiere la condici\u00f3n de usuario. El sitio web de BODEGA BATGARA SL proporciona gran diversidad de informaci\u00f3n, servicios y datos. El usuario asume su responsabilidad en el uso correcto del sitio web. Esta responsabilidad se extender\u00e1 a:<\/span><\/p>\n<ul>\n<li><span style=\"color: #ffffff;\">La veracidad y licitud de las informaciones aportadas por el usuario en los formularios extendidos por BODEGA BATGARA SL para el acceso a ciertos contenidos o servicios ofrecidos por el web.<\/span><\/li>\n<li><span style=\"color: #ffffff;\">El uso de la informaci\u00f3n, servicios y datos ofrecidos por BODEGA BATGARA SL contrariamente a lo dispuesto por las presentes condiciones, la Ley, la moral, las buenas costumbres o el orden p\u00fablico, o que de cualquier otro modo puedan suponer lesi\u00f3n de los derechos de terceros o del mismo funcionamiento del sitio web.<\/span><\/li>\n<\/ul>\n<h5><span style=\"color: #ffffff;\">Pol\u00edtica de enlaces y exenciones de responsabilidad<\/span><\/h5>\n<p><span style=\"color: #ffffff;\">BODEGA BATGARA SL no se hace responsable del contenido de los sitios web a los que el usuario pueda acceder a trav\u00e9s de los enlaces establecidos en su sitio web, siempre que no tenga conocimiento efectivo de que la actividad o la informaci\u00f3n a la que remite o recomienda es il\u00edcita o de que lesiona bienes o derechos de un tercero susceptibles de indemnizaci\u00f3n, o, en caso de tenerlo, act\u00fae con diligencia para suprimir o inutilizar el enlace correspondiente.<\/span><\/p>\n<p><span style=\"color: #ffffff;\">Se entender\u00e1 que BODEGA BATGARA SL tiene el conocimiento efectivo a que se refiere el p\u00e1rrafo anterior cuando un \u00f3rgano competente haya declarado la ilicitud de los datos, ordenado su retirada o que se imposibilite el acceso a los mismos, o se hubiera declarado la existencia de la lesi\u00f3n, y BODEGA BATGARA SL conociera la correspondiente resoluci\u00f3n, sin perjuicio de los procedimientos de detecci\u00f3n y retirada de contenidos que BODEGA BATGARA SL aplique en virtud de acuerdos voluntarios y de otros medios de conocimiento efectivo que pudieran establecerse.<\/span><\/p>\n<p><span style=\"color: #ffffff;\">BODEGA BATGARA SL declara haber adoptado todas las medidas necesarias para evitar cualquier da\u00f1o a los usuarios de su sitio web, que pudieran derivarse de la navegaci\u00f3n por su sitio web. En consecuencia, BODEGA BATGARA SL no se hace responsable, en ning\u00fan caso, de los eventuales da\u00f1os que por la navegaci\u00f3n por Internet pudiera sufrir el usuario. Asimismo, tampoco garantizar\u00e1 la disponibilidad t\u00e9cnica, exactitud, veracidad, validez o legalidad de sitios ajenos a su propiedad a los que se pueda acceder por medio de los enlaces.<\/span><\/p>\n<h5><span style=\"color: #ffffff;\">Modificaciones<\/span><\/h5>\n<p><span style=\"color: #ffffff;\">BODEGA BATGARA SL se reserva la facultad de efectuar, en cualquier momento y sin necesidad de previo aviso, modificaciones y actualizaciones de la informaci\u00f3n contenida en su sitio web o en la configuraci\u00f3n y presentaci\u00f3n de esta. Con objeto de mantener actualizada la informaci\u00f3n publicada, los contenidos del mismo podr\u00e1n ser modificados, corregidos, eliminados o a\u00f1adidos en cualquier momento, por cualquier forma admisible en derecho.<\/span><\/p>\n<h5><span style=\"color: #ffffff;\">Indicaci\u00f3n de precios<\/span><\/h5>\n<p><span style=\"color: #ffffff;\">En caso de que se muestren precios de productos y\/o servicios, los indicados en pantalla ser\u00e1n los vigentes en cada momento. Los precios ser\u00e1n indicados en euros y tendr\u00e1n incorporado el Impuesto sobre el Valor A\u00f1adido (IVA). En caso de que no se incorpore el IVA en el precio, se indicar\u00e1 de manera expresa y se permitir\u00e1 al usuario visualizar el precio final completo.<\/span><\/p>\n<p><span style=\"color: #ffffff;\">Asimismo, si fuera aplicable cualquier otro impuesto, as\u00ed se indicar\u00eda, incluyendo, en su caso, el importe de los incrementos o descuentos que sean de aplicaci\u00f3n a la oferta y los gastos adicionales que puedan repercutir al consumidor o usuario.<\/span><\/p>\n<h5><span style=\"color: #ffffff;\">Propiedad intelectual e industrial<\/span><\/h5>\n<p><span style=\"color: #ffffff;\">BODEGA BATGARA SL por s\u00ed misma o como cesionaria, es titular de todos los derechos de propiedad intelectual e industrial de su p\u00e1gina web, as\u00ed como de los elementos contenidos en la misma (a t\u00edtulo enunciativo, im\u00e1genes, sonido, audio, v\u00eddeo, software o textos; marcas o logotipos, combinaciones de colores, estructura y dise\u00f1o, selecci\u00f3n de materiales usados, programas de ordenador necesarios para su funcionamiento, acceso y uso, etc.), titularidad de BODEGA BATGARA SL. Ser\u00e1n, por consiguiente, obras protegidas como propiedad intelectual por el ordenamiento jur\u00eddico espa\u00f1ol, si\u00e9ndoles aplicables tanto la normativa espa\u00f1ola y comunitaria en este campo, como los tratados internacionales relativos a la materia y suscritos por Espa\u00f1a.<\/span><\/p>\n<p><span style=\"color: #ffffff;\">Todos los derechos reservados. En virtud de lo dispuesto en la Ley de Propiedad Intelectual, quedan expresamente prohibidas la reproducci\u00f3n, la distribuci\u00f3n y la comunicaci\u00f3n p\u00fablica, incluida su modalidad de puesta a disposici\u00f3n, de la totalidad o parte de los contenidos de esta p\u00e1gina web, con fines comerciales, en cualquier soporte y por cualquier medio t\u00e9cnico, sin la autorizaci\u00f3n de BODEGA BATGARA SL.<\/span><\/p>\n<p><span style=\"color: #ffffff;\">El usuario se compromete a respetar los derechos de Propiedad Intelectual e Industrial titularidad de BODEGA BATGARA SL. Podr\u00e1 visualizar los elementos del portal e incluso imprimirlos, copiarlos y almacenarlos en el disco duro de su ordenador o en cualquier otro soporte f\u00edsico siempre y cuando sea, \u00fanica y exclusivamente, para su uso personal y privado. El usuario deber\u00e1 abstenerse de suprimir, alterar, eludir o manipular cualquier dispositivo de protecci\u00f3n o sistema de seguridad que estuviera instalado en las<\/span><br \/>\n<span style=\"color: #ffffff;\">p\u00e1ginas de BODEGA BATGARA SL.<\/span><\/p>\n<h5><span style=\"color: #ffffff;\">Acciones legales, legislaci\u00f3n aplicable y jurisdicci\u00f3n<\/span><\/h5>\n<p><span style=\"color: #ffffff;\">Si el usuario desea presentar una reclamaci\u00f3n, deber\u00e1 contactar mediante el correo electr\u00f3nico info@batgara.com. Asimismo, BODEGA BATGARA SL dispone de hojas oficiales de reclamaci\u00f3n a disposici\u00f3n de los consumidores y usuarios.<\/span><\/p>\n<p><span style=\"color: #ffffff;\">BODEGA BATGARA SL se reserva la facultad de presentar las acciones civiles o penales que considere oportunas por la utilizaci\u00f3n indebida de su sitio web y contenidos, o por el incumplimiento de las presentes condiciones.<\/span><\/p>\n<p><span style=\"color: #ffffff;\">La relaci\u00f3n entre el usuario y el prestador se regir\u00e1 por la normativa vigente y de aplicaci\u00f3n en el territorio espa\u00f1ol. De surgir cualquier controversia las partes podr\u00e1n someter sus conflictos a arbitraje o acudir a la jurisdicci\u00f3n ordinaria cumpliendo con las normas sobre jurisdicci\u00f3n y competencia al respecto.<\/span><\/p>\n<p>&nbsp;<\/p>\n<h3 style=\"color: #ffffff; text-align: left;\"><span style=\"color: #ffffff;\">RESPONSABLE<\/span><\/h3>\n<p style=\"text-align: justify; color: #fff;\"><span style=\"color: #ffffff;\"><strong>\u00bfQui\u00e9n es el Responsable del tratamiento de tus datos?<\/strong><\/span><\/p>\n<ul style=\"color: #fff;\">\n<li><span style=\"color: #ffffff;\">Identidad: BODEGA BATGARA SL<\/span><\/li>\n<li><span style=\"color: #ffffff;\">Direcci\u00f3n: Barrio Urtaran n\u00ba 21, 01450 Lezama-Amurrio, \u00c1lava<\/span><\/li>\n<li><span style=\"color: #ffffff;\">Email: <a style=\"color: #ffffff;\" href=\"mailto: info@batgara.com\">info@batgara.com<\/a><\/span><\/li>\n<\/ul>\n<h3 style=\"color: #ffffff; text-align: left;\"><span style=\"color: #ffffff;\">FINALIDADES<\/span><\/h3>\n<p style=\"text-align: justify; color: #fff;\"><span style=\"color: #ffffff;\"><strong>\u00bfCon qu\u00e9 finalidad tratamos tus datos personales?<\/strong><\/span><\/p>\n<p><span style=\"color: #ffffff;\">Realizar una correcta gesti\u00f3n del servicio solicitado. En este sentido, los datos que nos proporciones tanto en el momento de crear tu cuenta con nosotros como para crear<\/span><br \/>\n<span style=\"color: #ffffff;\">tu perfil ser\u00e1n tratados para:<\/span><\/p>\n<ul>\n<li><span style=\"color: #ffffff;\">Gestionar el servicio solicitado.<\/span><\/li>\n<li><span style=\"color: #ffffff;\">Enviarte mensajes de BATGARA para informarte de mejoras o novedades en nuestros productos y servicios. Recuerda que siempre podr\u00e1s personalizar estos env\u00edos a trav\u00e9s de los ajustes de tu men\u00fa privado de candidato y en el apartado 6 (Derechos) te explicamos c\u00f3mo puedes solicitar no recibir este tipo de comunicaciones. <\/span><\/li>\n<li><span style=\"color: #ffffff;\">Prevenir abusos y fraudes en el uso de nuestros servicios (por ejemplo, actividades fraudulentas, ataques de denegaci\u00f3n de servicios, env\u00edo de spam, entre otros). <\/span><\/li>\n<li><span style=\"color: #ffffff;\">Cesi\u00f3n de datos a organismos y autoridades p\u00fablicas, siempre y cuando sean requeridos de conformidad con las disposiciones legales y reglamentarias.<\/span><\/li>\n<\/ul>\n<h3 style=\"color: #ffffff; text-align: left;\"><span style=\"color: #ffffff;\">PLAZO DE CONSERVACI\u00d3N DE LOS DATOS<\/span><\/h3>\n<p style=\"text-align: justify; color: #fff;\"><span style=\"color: #ffffff;\"><strong>\u00bfCon qu\u00e9 finalidad tratamos tus datos personales?<\/strong><\/span><\/p>\n<p style=\"text-align: justify; color: #fff;\"><span style=\"color: #ffffff;\">Tus datos ser\u00e1n conservados mientras dure la relaci\u00f3n comercial con nosotros, solicites su supresi\u00f3n, as\u00ed como el tiempo necesario para cumplir las obligaciones legales.<\/span><\/p>\n<h3 style=\"color: #ffffff; text-align: left;\"><span style=\"color: #ffffff;\">LEGITIMACI\u00d3N<\/span><\/h3>\n<p style=\"text-align: justify; color: #fff;\"><span style=\"color: #ffffff;\"><strong>\u00bfCu\u00e1l es la legitimaci\u00f3n para el tratamiento de tus datos?<\/strong><\/span><\/p>\n<p style=\"text-align: justify; color: #fff;\"><span style=\"color: #ffffff;\">La base legal para el tratamiento de tus datos radica en:<\/span><\/p>\n<ul>\n<li><span style=\"color: #ffffff;\">La ejecuci\u00f3n de un contrato en relaci\u00f3n con la finalidad indicada en el apartado 1 anterior.<\/span><\/li>\n<li><span style=\"color: #ffffff;\">El consentimiento del usuario en relaci\u00f3n con la finalidad indicada en los apartado 2.<\/span><\/li>\n<li><span style=\"color: #ffffff;\">El inter\u00e9s leg\u00edtimo de BODEGA BATGARA en relaci\u00f3n con la finalidad indicada en el apartado 3 anterior.<\/span><\/li>\n<li><span style=\"color: #ffffff;\">El cumplimiento de obligaciones legales aplicables a BODEGA BATGARA para la finalidad indicada en el apartado 4 anterior.<\/span><\/li>\n<\/ul>\n<h3 style=\"color: #ffffff; text-align: left;\"><span style=\"color: #ffffff;\">DESTINATARIOS<\/span><\/h3>\n<p style=\"text-align: justify; color: #fff;\"><span style=\"color: #ffffff;\"><strong>\u00bfA qu\u00e9 destinatarios se comunicar\u00e1n tus datos?<\/strong><\/span><\/p>\n<p style=\"text-align: justify; color: #fff;\"><span style=\"color: #ffffff;\">Tus datos personales ser\u00e1n comunicados a terceros en los siguientes supuestos:<\/span><\/p>\n<p style=\"text-align: justify; color: #fff;\"><span style=\"color: #ffffff;\">Tus datos podr\u00e1n ser accedidos por aquellos proveedores que prestan servicios a BATGARA TXAKOLINA, tales como servicios de alojamiento de contenido, de mensajer\u00eda instant\u00e1nea, de env\u00edo de notificaciones, servicios publicitarios, etc. BATGARA TXAKOLINA ha suscrito los correspondientes contratos de encargo de tratamiento con cada uno de los proveedores que prestan servicios a BATGARA TXAKOLINA con el objetivo de garantizar que dichos proveedores tratar\u00e1n tus datos de conformidad con lo establecido en la legislaci\u00f3n vigente.<\/span><\/p>\n<p style=\"text-align: justify; color: #fff;\"><span style=\"color: #ffffff;\">Tus datos personales tambi\u00e9n podr\u00e1n ser cedidos a las autoridades competentes en los casos que exista una obligaci\u00f3n legal.<\/span><\/p>\n<h3 style=\"color: #ffffff; text-align: left;\"><span style=\"color: #ffffff;\">DERECHOS<\/span><\/h3>\n<p style=\"text-align: justify; color: #fff;\"><span style=\"color: #ffffff;\"><strong>\u00bfCu\u00e1les son tus derechos cuando nos facilitas tus datos y c\u00f3mo puedes ejercerlos?<\/strong><\/span><\/p>\n<p style=\"text-align: justify; color: #fff;\"><span style=\"color: #ffffff;\">Tienes derecho a obtener confirmaci\u00f3n sobre si en BATGARA TXAKOLINA estamos tratando datos personales que te conciernan, o no.<\/span><\/p>\n<p style=\"text-align: justify; color: #fff;\"><span style=\"color: #ffffff;\">Asimismo, tienes derecho a acceder a tus datos personales, as\u00ed como a solicitar la rectificaci\u00f3n de los datos inexactos o, en su caso, solicitar su supresi\u00f3n cuando, entre otros motivos, los datos ya no sean necesarios para los fines que fueron recogidos.<\/span><\/p>\n<p style=\"text-align: justify; color: #fff;\"><span style=\"color: #ffffff;\">En determinadas circunstancias, podr\u00e1s solicitar la limitaci\u00f3n del tratamiento de tus datos, en cuyo caso \u00fanicamente los conservaremos para el ejercicio o la defensa de reclamaciones.<\/span><\/p>\n<p style=\"text-align: justify; color: #fff;\"><span style=\"color: #ffffff;\">En determinadas circunstancias y por motivos relacionados con tu situaci\u00f3n particular, podr\u00e1s oponerte al tratamiento de tus datos. <\/span><\/p>\n<p style=\"text-align: justify; color: #fff;\"><span style=\"color: #ffffff;\">BODEGA BATGARA dejar\u00e1 de tratar los datos, salvo por motivos leg\u00edtimos imperiosos, o el ejercicio o la defensa de posibles reclamaciones.<\/span><\/p>\n<p style=\"text-align: justify; color: #fff;\"><span style=\"color: #ffffff;\">Asimismo, puedes ejercer el derecho a la portabilidad de los datos, as\u00ed como retirar los consentimientos facilitados en cualquier momento, sin que ello afecte a la licitud del tratamiento basado en el consentimiento previo a su retirada.<\/span><\/p>\n<p style=\"text-align: justify; color: #fff;\"><span style=\"color: #ffffff;\">Si deseas hacer uso de cualquiera de tus derechos puedes dirigirte a nosotros a trav\u00e9s de la direcci\u00f3n de correo electr\u00f3nico o mediante escrito a la direcci\u00f3n postal indicada anteriormente. Recuerda facilitar la mayor informaci\u00f3n posible sobre tu solicitud: Nombre y apellidos, direcci\u00f3n de correo electr\u00f3nico que utilizas para la cuenta o portal objeto de tu solicitud.<\/span><\/p>\n<p style=\"text-align: justify; color: #fff;\"><span style=\"color: #ffffff;\">Por \u00faltimo, te informamos que puedes dirigirte ante la Agencia Espa\u00f1ola de Protecci\u00f3n de Datos y dem\u00e1s organismos p\u00fablicos competentes para cualquier reclamaci\u00f3n derivada del tratamiento de tus datos personales.<\/span><\/p>\n<p>[\/vc_column_text][\/vc_column_inner][vc_column_inner width=\u00bb1\/5&#8243;][\/vc_column_inner][\/vc_row_inner][vc_empty_space height=\u00bb50px\u00bb][\/vc_column][\/vc_row][vc_row row_type=\u00bbparallax\u00bb parallax_background_image=\u00bb9882&#8243;][vc_column]<div class=\"eltdf-elements-holder eltdf-responsive-mode-768\" ><div class=\"eltdf-eh-item eltdf-horizontal-alignment-center\" data-item-class=\"eltdf-eh-custom-413436\" data-1280-1600=\"12% 15%\" data-1024-1280=\"12% 15%\" data-768-1024=\"17% 15%\" data-600-768=\"38% 11%\" data-480-600=\"44% 7%\" data-480=\"44% 7%\" >\n\t<div class=\"eltdf-eh-item-inner\" >\n\t\t<div class=\"eltdf-eh-item-content eltdf-eh-custom-413436\" style=\"padding: 18% 15%\">\n\t\t\t[vc_single_image image=\u00bb10665&#8243; img_size=\u00bbfull\u00bb alignment=\u00bbcenter\u00bb][vc_empty_space][vc_column_text]<\/p>\n<p style=\"text-align: center;\"><a style=\"color: #fff;\" href=\"https:\/\/www.batgara.com\/nueva\/aviso-legal\/\">AVISO LEGAL&nbsp; Y POL\u00cdTICA DE PRIVACIDAD&nbsp;<\/a> &nbsp;|&nbsp; <a style=\"color: #fff;\" href=\"https:\/\/www.batgara.com\/nueva\/politica-de-cookies\/\">POL\u00cdTICA DE COOKIES<\/a><\/p>\n<p>[\/vc_column_text]\t\t<\/div>\n\t<\/div>\n\t<\/div><\/div>[\/vc_column][\/vc_row]<\/p>\n<\/section>","protected":false},"excerpt":{"rendered":"<p>[vc_row row_type=\u00bbparallax\u00bb parallax_background_image=\u00bb9008&#8243; css=\u00bb.vc_custom_1556634887535{padding-top: 50px !important;padding-bottom: 50px !important;}\u00bb anchor=\u00bbslide5&#8243;][vc_column][vc_empty_space height=\u00bb50px\u00bb][vc_row_inner row_content_width=\u00bbgrid\u00bb content_text_aligment=\u00bbleft\u00bb][vc_column_inner width=\u00bb1\/5&#8243;][\/vc_column_inner][vc_column_inner width=\u00bb3\/5&#8243;][vc_column_text] AVISO LEGAL En cumplimiento de la Ley 34\/2002, de 11 de julio, de Servicios de la Sociedad de la Informaci\u00f3n y de Comercio Electr\u00f3nico (LSSI-CE), BODEGA BATGARA SL informa que es [&hellip;]<\/p>\n","protected":false},"author":1,"featured_media":0,"parent":0,"menu_order":0,"comment_status":"closed","ping_status":"closed","template":"full-width.php","meta":{"ngg_post_thumbnail":0,"footnotes":""},"_links":{"self":[{"href":"https:\/\/www.batgara.com\/nueva\/wp-json\/wp\/v2\/pages\/10975"}],"collection":[{"href":"https:\/\/www.batgara.com\/nueva\/wp-json\/wp\/v2\/pages"}],"about":[{"href":"https:\/\/www.batgara.com\/nueva\/wp-json\/wp\/v2\/types\/page"}],"author":[{"embeddable":true,"href":"https:\/\/www.batgara.com\/nueva\/wp-json\/wp\/v2\/users\/1"}],"replies":[{"embeddable":true,"href":"https:\/\/www.batgara.com\/nueva\/wp-json\/wp\/v2\/comments?post=10975"}],"version-history":[{"count":5,"href":"https:\/\/www.batgara.com\/nueva\/wp-json\/wp\/v2\/pages\/10975\/revisions"}],"predecessor-version":[{"id":11363,"href":"https:\/\/www.batgara.com\/nueva\/wp-json\/wp\/v2\/pages\/10975\/revisions\/11363"}],"wp:attachment":[{"href":"https:\/\/www.batgara.com\/nueva\/wp-json\/wp\/v2\/media?parent=10975"}],"curies":[{"name":"wp","href":"https:\/\/api.w.org\/{rel}","templated":true}]}}